 5 = 0, 0*b + 2440 = 3*b + 2*n. Let v = b - 809. Let m(u) = -6*u + 11. Let j(l) = 5*l - 10. Let t(o) = -5*j(o) - 4*m(o). What is t(v)?
1
Let j(p) = 2*p**3 - 3*p**2 - p + 2. Suppose -9 = -2*v + 1. Suppose -v*q = 5*q - 20. Calculate j(q).
4
Let v be (-1)/(-3) - 32/6. Suppose -7*h - 98 = -343. Let k(p) = 27*p - 4 - 2*p**2 - 70*p + h*p - 1. Give k(v).
-15
Let r(w) be the second derivative of 2/3*w**4 - 1/20*w**5 + 0*w**3 - 5/2*w**2 + 0 - 115*w. Give r(8).
-5
Let b = -527 + 533. Suppose 6 + b = -12*h. Let u(z) = -22*z**3 - z**2. What is u(h)?
21
Let o(x) = 8*x**2 - 31*x + 24. Let l(z) = -7*z**2 + 30*z - 21. Let w(b) = -5*l(b) - 4*o(b). Give w(8).
-7
Let k(v) = -87*v**3 + 1305*v**2 + v + 18. Let b be k(15). Let g(s) be the third derivative of -1/60*s**5 + 1/2*s**3 + 0*s - b*s**2 + 0 + 5/24*s**4. Give g(5).
3
Let q(a) = 2*a**3 - 14*a**2 - 2*a - 3. Let l = 13052 + -13045. Give q(l).
-17
Let s(q) = 6*q**2 + 3*q - 14. Let j be 5/(-20)*0/1. Suppose -18 = -2*r - j*r + 4*n, -4*n = -4. Let m(b) = 2*b**2 + b - 5. Let k(d) = r*m(d) - 4*s(d). Give k(1).
-2
Let n(c) = c**3 - c**2 + 2. Let z(l) = -8*l - 27*l**2 + l**3 + 4*l + 7 + 30*l**2. Let j(y) = 2*n(y) - z(y). Determine j(3).
-9
Let q(h) = h**3 + 8*h**2 + 7*h - 8. Let c = -6321 - -6314. Determine q(c).
-8
Let h(a) = a**2 - 9*a + 2. Let o be h(8). Let x(l) = -69*l + 21*l + 12*l + 20*l + 20 + 19*l. Give x(o).
2
Let w(a) = -a**2 + 5*a - 9. Let v = 36308 - 36305. Calculate w(v).
-3
Let b(v) = -2*v + 2. Suppose -2*y = y - 5*u - 198, -y + 49 = 4*u. Suppose -3*z + y = -2. Let w be 1/(-2) - z/6. What is b(w)?
10
Let w(l) = l**3 - 2*l**2 + 2. Let a(s) = 7*s + 203. Let g be a(-25). Let y be 7/g + 45/(-20) - -4. Calculate w(y).
2
Let z(x) = -85*x - 68*x + 13 + 4*x**2 + 13*x**3 - 14*x**3 + 164*x + 5*x**2. Give z(9).
112
Suppose r + c + 5 = 3, 0 = -4*r + 5*c - 26. Let o(s) = -s**2 - 4*s**2 + 2*s**2 + 2*s**2 - 5 - 3*s. Calculate o(r).
-9
Let b(y) = 10*y + 220*y**3 + 200*y**2 - 25 - 221*y**3 - 207*y**2. Give b(-9).
47
Let i = -15005 + 15001. Let a(m) = 27*m + 10. Determine a(i).
-98
Let s(m) be the third derivative of 1/3*m**3 + 0*m + 0 + 75*m**2 - 1/24*m**4. What is s(2)?
0
Let l(v) be the third derivative of 7*v**6/120 + v**4/24 + 19*v**3/3 + 2*v**2 - 33. Let g(n) be the first derivative of l(n). Calculate g(-1).
22
Let n(q) be the third derivative of q**5/60 + 5*q**4/24 + 5*q**3/6 + 48*q**2. Suppose -102*a - 27 = -93*a. What is n(a)?
-1
Let t(h) = 134 + 45*h - 60 - h**2 - 8*h**2 + h**2 - 94. What is t(5)?
5
Suppose -a + 13*a + 2016 = 0. Let v = a + 174. Let f(o) = -4*o + 9. Give f(v).
-15
Let w(b) be the third derivative of b**4/24 - 11*b**3/6 - 22*b**2. Suppose 5*c - 44 = 2*p, 6*c - c = -3*p + 34. Determine w(c).
-3
Let j = 0 - 7. Let t(f) = 9*f**3 + 10*f + 11. Let k(p) = -4*p**3 + 4*p**2 - p - 1. Let o(v) = 2*k(v) + t(v). Determine o(j).
2
Let w = 45 - 39. Let j(l) = -9*l**2 + 16*l**2 + 16 - w*l**2 - 2 + l. Let h(b) = b**3 - 6*b**2. Let x be h(6). Give j(x).
14
Suppose 21*t + 5 = 22*t. Let a(g) = 2*g - 15. Let i be a(10). Let u(y) = t*y + y + i*y - 4*y. Calculate u(-1).
-7
Let h(g) = -3*g + 7*g + 3 - 1 + 2*g**2. Suppose -2*w = -160 + 156. Suppose -o = 5*j + 8, w*o - 22*j + 11 = -27*j. Give h(o).
8
Let j(m) = 15*m**2 + m. Let q be (-9)/10 - -9*12/(-1080). Determine j(q).
14
Let p(m) = 6*m - 3*m + 3 + m - 580*m**2 + 574*m**2. Determine p(-3).
-63
Let q(o) = -o**2 - 2. Let c(x) be the second derivative of x**2/2 + 166*x. Let i(p) = 6*c(p) + q(p). What is i(-3)?
-5
Let z(i) be the second derivative of -1/144*i**6 + 1/120*i**5 + 0*i**2 + 0 + 5/12*i**4 + 0*i**3 - i. Let u(y) be the third derivative of z(y). Calculate u(-1).
6
Let g = 129 + -118. Let x be g - 3/(-4 - 76/(-16)). Let w(y) = y**3 - 7*y**2 + 3*y - 6. Calculate w(x).
15
Let y(v) = -v**3 - 7*v**2 - 6*v - 5. Suppose -4*z = -z - 147. Let a = 2645 + -2700. Let s = a + z. Determine y(s).
-5
Let m(s) be the first derivative of s**4/12 - s**3/6 - s**2 + 44*s - 22. Let t(r) be the first derivative of m(r). Determine t(-2).
4
Suppose 0 = -3*w + 21, -21*n + 24*n + w = -20. Let f(j) = 14*j + 122. Give f(n).
-4
Let a(p) = -7*p + 2. Let u(c) = -7 + 8*c + 9 + 2 - 5. Let g(x) = 7*a(x) + 6*u(x). Determine g(11).
-3
Let q(u) = -u**2 - 20*u - 25. Suppose -6*z = -4*z + 4*x, 0 = 3*x. Suppose -4*h + 12 = 0, 3*o + 2*h + 51 = -z*h. Determine q(o).
-6
Let j(f) be the second derivative of -2*f**3/3 + f**2 - 56*f - 5. Calculate j(0).
2
Let p(y) = 2*y**2 + 13*y - 60. Let a be p(3). Let v(m) = m**3 - 4*m**2 - 4*m - 1. Determine v(a).
-52
Suppose -5*g + 640*v - 642*v + 9 = 0, -3*v = g + 6. Let x(j) = j**3 - 5*j**2 + 2*j + 16. What is x(g)?
4
Let w(h) be the third derivative of -5/3*h**3 + 12*h + 7*h**2 - 11/60*h**5 + 0 + 1/120*h**6 - 5/12*h**4. Calculate w(12).
14
Let l(r) = -4*r**2 - 31*r + 10. Suppose 5*o + 38 = -2*q, -14*o + 13*o - 4 = 4*q. Let y be l(o). Let z(g) = -2*g. What is z(y)?
-4
Let q(n) = -n + 64*n**2 - 13 + 13*n**2 - 22*n**2 - 25*n**2 - 29*n**2. Suppose -2*k = -7*k. Give q(k).
-13
Let q(x) = x**2 - x + 1. Suppose -26 - 62 = -4*l. Suppose -7*p + l*p = -60. Let w(f) = f**3 + 10*f**2 - 4*f. Let m(j) = p*q(j) + w(j). Give m(-6).
-4
Suppose 0 = -81*y + 226 + 584. Let l(c) = 8*c**2 - 73*c - 63. Calculate l(y).
7
Let d(p) = 9*p + 14. Let f(b) = 34*b + 54. Let x(r) = -15*d(r) + 4*f(r). Determine x(11).
17
Let x(o) = 25 + 4 + 5 + 11 - 23 - 3*o. What is x(9)?
-5
Let n = 486 - 452. Let x(u) = 4 - 7 + n - 2*u - 2. Calculate x(14).
1
Suppose -5110 = -63*s + 28*s. Let a(v) = 142*v - 3 - s*v + 20. Determine a(7).
-11
Let m(t) be the first derivative of -t**4/4 - 4*t**3 - 6*t**2 - 5*t + 646. Suppose -5*a + 5*f = 45, -4*a + 16 = -6*a + 3*f. Calculate m(a).
6
Suppose -63 = -5*o - 3*t, -2*o = 5*t - 14 + 4. Let c(s) = 6*s + s**2 - o + 39 - 14 - 7. Give c(-6).
3
Let b(f) = -287*f**3 - 72 - 3*f**2 + 77 + 285*f**3. Give b(-3).
32
Let m(g) = -12*g + 9*g**2 + 8 - 2*g + 6*g**2 - 22 - g**3 + 25. Determine m(14).
11
Suppose 0 = 6962*i - 6949*i - 312. Let f(x) = -2*x + 43. Determine f(i).
-5
Let m(j) be the third derivative of j**5/60 + j**4/12 - j**3/6 + j**2 - 38. Suppose -3*z + 2*i + 14 - 22 = 0, 2*i - 2 = 0. Give m(z).
-1
Suppose -3*s - 20 = 2*s, 0 = -5*q + 4*s + 96. Suppose -17*y + q*y = -5. Suppose r = y - 9. Let f(d) = d**2 + 3*d - 5. Calculate f(r).
-1
Let o be (-308)/(-147) + 4/(-42). Let j(n) = -1225*n - 7 + 1225*n + n**o. Suppose 2*a = -0*a. Determine j(a).
-7
Let z = 148 - 49. Let v = z - 107. Let x(u) = -2*u - 4. Give x(v).
12
Let p = -490 + 492. Let a(s) = 2*s - 17*s - s**p - 34 + s + 30. What is a(-13)?
9
Let f(p) = 3*p - 3 + 2*p**3 + 2 + 28*p**2 + 84*p**2 - 107*p**2. Suppose 5*c + 191 = v, 4*v - 45 = 3*c + 56. Let y = c - -36. Calculate f(y).
-19
Let v(d) = -d - 4. Let r(o) = -5*o + 17. Suppose -38*q + 41*q = 6. Let x be r(q). What is v(x)?
-11
Let n(z) be the first derivative of z**2/2 - 5*z - 2525. Suppose -2*j + 8 = -0*j. Suppose -j*h + 3*l = -2*l - 5, -4*l - 20 = 0. Give n(h).
-10
Let l(k) be the third derivative of k**6/120 - 7*k**5/60 - k**4/12 - 8*k**3/3 + 70*k**2 + 13*k. Give l(8).
32
Let c be (5/9)/(-5) + 494/(-171). Let o(m) = 9*m - 5. Determine o(c).
-32
Let b(y) = -89*y**3 - 3 + 6*y - 171*y**3 + 7*y**2 - 17*y + 259*y**3. Determine b(5).
-8
Let g = -91 - -92. Let o(r) = -r**3 - 4*r**2 + 19*r + 13. Let q be o(-7). Suppose 26*v - g = q*v. Let b(u) = -10*u**2 + 2*u + 1. Calculate b(v).
-11
Let u(s) = s**3 + 5*s**2 + 8*s + 12. Suppose -6*p + 4 = 5*m, 2*p + 8 + 4 = -5*m. Give u(m).
-4
Suppose 132*l + 2 = 133*l. Let j be 0 - ((-1)/l)/((-10)/(-60)). Let a(x) = -x**3 + 5*x**2 - 3*x - 2. What is a(j)?
7
Let m(c) = -5*c**2 + 70*c + 72. Let g be m(15). Let h(n) = -12*n**2 - n - 4. Give h(g).
-109
Let o(m) be the first derivative of -m**6/120 + 7*m**5/60 - m**4/24 + 5*m**3/6 + 127*m**2/2 + 184. Let y(d) be the second derivative of o(d). Give y(7).
-2
Suppose -2*n = -q - 79, 3*q - 8 = -5*n + 151. Let y(f) = -f**3 + 35*f**2 + 35*f + 43. What is y(n)?
7
Let r = -111 - -117. Let v(f) = r*f - 58*f**2 + 37*f**2 + 7*f - 12*f. What is v(1)?
-20
Let r(s) = -2*s**3 + 15*s**2 - 9*s + 14. Let l be r(7). Let q be (l*3/(-21))/1. Let p(i) = -i + 6. Give p(q).
6
Let p(n) be the first derivative of 2*n**3/3 - 4*n**2 - 4*n + 1. Let o be (-541)/6 - 9/(-54). Let z = o + 96. What is p(z)?
20
Let k(f) = -71